-10 - 212020412113?
-212020412123
In base 10, what is -146568520 - 0?
-146568520
In base 11, what is -66915 + 214?
-66701
In base 3, what is 21102122000 + -10?
21102121220
In base 7, what is -145503 - -1025?
-144445
In base 5, what is 3101 - 114311013?
-114302412
In base 12, what is -94b3 + a44?
-866b
In base 6, what is -20 + -5323223022?
-5323223042
In base 5, what is 111434 + -2103?
104331
In base 16, what is -2a - 3a4a3?
-3a4cd
In base 3, what is 11 - 100110120012210111?
-100110120012210100
In base 12, what is -5b65 - -609?
-5558
In base 12, what is 23049b + -12?
230489
In base 3, what is -112 - 110010220110?
-110010220222
In base 8, what is 4 - -16130700?
16130704
In base 8, what is -5 - -161456017?
161456012
In base 10, what is 4 - 613287?
-613283
In base 13, what is -3930943 - -c?
-3930934
In base 10, what is -117 + 1867763?
1867646
In base 9, what is -57 - -125244?
125176
In base 10, what is 4384537 + -6?
4384531
In base 8, what is -757 + 3731?
2752
In base 10, what is -1112 - 2063?
-3175
In base 15, what is -183 - -279c?
2619
In base 3, what is 1111111011 - -20122?
1111201210
In base 15, what is -1c61a73 - d?
-1c61a81
In base 6, what is 452041 - -11241?
503322
In base 5, what is 34011031 - 43343?
33412133
In base 12, what is -1 - 73132a9?
-73132aa
In base 13, what is -1 - -2038858?
2038857
In base 15, what is 53 + -115a?
-1107
In base 8, what is -7 + -2622155?
-2622164
In base 14, what is 2 + -96569a3?
-96569a1
In base 3, what is 0 - -1001201200?
1001201200
In base 16, what is 15556f + 1b?
15558a
In base 3, what is -1110 - 10011212122200?
-10011212201010
In base 8, what is -2712060 + -41?
-2712121
In base 16, what is 7f95051 + -1?
7f95050
In base 5, what is 122302021 + -1023?
122300443
In base 12, what is 1316 - -5337?
6651
In base 12, what is 2319a9b - -5?
2319aa4
In base 14, what is -6b8c10 - c?
-6b8c1c
In base 12, what is 756b2a + 135?
757063
In base 12, what is -168809 - 270?
-168a79
In base 2, what is 111110 - 1110111111110010?
-1110111110110100
In base 9, what is 270058 + -370?
268578
In base 10, what is 4 + 2402076?
2402080
In base 9, what is 275 + 230236?
230522
In base 8, what is 2451 + -6570?
-4117
In base 6, what is 3421311 + 41?
3421352
In base 11, what is 230512 - 424?
230099
In base 3, what is 10 + 110110211121100002?
110110211121100012
In base 9, what is 1170 + -67853?
-66673
In base 5, what is -3010410311 - 2?
-3010410313
In base 8, what is 1137652 + -1531?
1136121
In base 15, what is 3 - 2556b93?
-2556b90
In base 11, what is 7723 + -6084?
164a
In base 9, what is 40863 + -665?
40187
In base 15, what is 4 - 8cc195?
-8cc191
In base 14, what is 152 + -1c23a?
-1c0c8
In base 8, what is -1270162 + 5336?
-1262624
In base 5, what is 3 - 344024243333?
-344024243330
In base 2, what is 10101010010110100111110 - 101?
10101010010110100111001
In base 8, what is 36 - 110607561?
-110607523
In base 6, what is -2 - 10353432142?
-10353432144
In base 5, what is -102230013 - 1113?
-102231131
In base 15, what is 1c01 + 5b?
1c5c
In base 9, what is -30220 + 1135?
-28074
In base 13, what is -1010491 - -4?
-101048a
In base 11, what is -134311 + -18?
-134329
In base 9, what is -2 + 1165245?
1165243
In base 4, what is 13 - 312210220003?
-312210213330
In base 15, what is 95e92d + -6?
95e927
In base 14, what is bc + -4141c?
-41340
In base 14, what is 2 - 10c12dd?
-10c12db
In base 10, what is 30 - 1510082?
-1510052
In base 10, what is -1957362 - 2?
-1957364
In base 6, what is 1 + 414122331?
414122332
In base 15, what is 510cd60 + -5?
510cd5a
In base 11, what is 17858 - 504?
17354
In base 7, what is 30414 + 10052?
40466
In base 7, what is -4201504565 + 3?
-4201504562
In base 8, what is -453 - 40420?
-41073
In base 5, what is -21104114001 - 0?
-21104114001
In base 6, what is 15132221 - -104?
15132325
In base 6, what is -1 - 5253523201?
-5253523202
In base 5, what is -1332040032 + 440?
-1332034042
In base 2, what is -11010 - -10011111111100010000?
10011111111011110110
In base 10, what is -1521 - 49882?
-51403
In base 6, what is -41 - -221300?
221215
In base 10, what is 101066 - -2846?
103912
In base 7, what is -455325464 + 2?
-455325462
In base 5, what is 132012132341 - -2?
132012132343
In base 2, what is -11011110000001100 - 1011100110?
-11011111011110010
In base 9, what is -8 + -121353078?
-121353087
In base 11, what is -90 - -19383a?
19375a
In base 13, what is 8bca54 + 1?
8bca55
In base 15, what is 4 + 47cd75?
47cd79
In base 14, what is 205b3d1d - -7?
205b3d26
In base 13, what is -6366a + -1998?
-65335
In base 11, what is 5958498 - 3?
5958495
In base 8, what is 4421 + -3545?
654
In base 9, what is 3710 - 37688?
-33878
In base 12, what is 2642 + 80b35?
83577
In base 11, what is 2878 + 261?
3029
In base 12, what is 5 - 3a47370a?
-3a473705
In base 12, what is 85 - -b93639?
b93702
In base 12, what is -1962 + -74ab?
-9251
In base 11, what is -225 + 21083?
20959
In base 14, what is 3 - -b352c15?
b352c18
In base 2, what is -101011001100001001010 - 110?
-101011001100001010000
In base 13, what is -204 - 127ba1?
-1280a5
In base 5, what is 10040201 + -112103?
4423043
In base 15, what is -37 + -3ca78?
-3cab0
In base 16, what is -2547 - -15f8?
-f4f
In base 12, what is -17a83b724 - 3?
-17a83b727
In base 7, what is 12524054214 - 4?
12524054210
In base 7, what is -25303 - 30403?
-56006
In base 6, what is 55132003 - 0?
55132003
In base 9, what is -5 - 456741032?
-456741037
In base 4, what is -1110212321 + 1?
-1110212320
In base 11, what is 9a1a6833 - 2?
9a1a6831
In base 14, what is -11a5 + -2849?
-3a10
In base 15, what is dab3 + -62?
da51
In base 6, what is -3 - 35102033?
-35102040
In base 13, what is 4958a971 + 1?
4958a972
In base 6, what is 13 + -253535234?
-253535221
In base 8, what is 735633 - 5627?
730004
In base 13, what is 1022 - 67a2?
-5780
In base 13, what is -4774a27 - a?
-4774a34
In base 16, what is -46 - -2301c?
22fd6
In base 16, what is -215 - 16d?
-382
In base 4, what is 1012030 + 2123332?
3202022
In base 14, what is 826 - 1931c?
-188d6
In base 16, what is -7a - 4fa61c?
-4fa696
In base 16, what is -3 - b84e1?
-b84e4
In base 14, what is -19 - -595ab74?
595ab59
In base 3, what is -20021 - 202022102?
-202112200
In base 9, what is 22113 - 5678?
15324
In base 3, what is -1000021122 - 2012001?
-1002110200
In base 13, what is 2075103 - -7?
207510a
In base 5, what is 114034 + 2004?
121043
In base 9, what is -155 + 516420?
516254
In base 2, what is 11100 + -1010100011010100101010110?
-1010100011010100100111010
In base 5, what is -10 + -20310241121?
-20310241131
In base 7, what is -5316 + 2353?
-2633
In base 14, what is -6257724 + 0?
-6257724
In base 2, what is 100010110111100 + -11101001?
100010011010011
In base 9, what is 8087 - -1226?
10324
In base 16, what is -e208e - -4?
-e208a
In base 7, what is 20016224 - 3?
20016221
In base 3, what is 2102002 - 20122021?
-11020012
In base 3, what is 1010220001101 + -2122220?
1010210101111
In base 13, what is -28b565 - -613?
-28ac52
In base 15, what is -23882 - 31?
-238b3
In base 12, what is 636 - 6a9a?
-6464
In base 13, what is 17181159 - 5?
17181154
In base 15, what is -846a7 + 13b?
-8456b
In base 10, what is 13185281 + 1?
13185282
In base 13, what is 986 + -60b4?
-542b
In base 14, what is -2 + -11b9367?
-11b9369
In base 6, what is 5 + -30130122?
-30130113
In base 16, what is -15e1f - -1044?
-14ddb
In base 4, what is -113 - -13103233012?
13103232233
In base 16, what is 176f - 3f9?
1376
In base 16, what is -46c104d - 1?
-46c104e
In base 6, what is -550023 - 4314?
-554341
In base 12, what is -3 - 527657?
-52765a
In base 9, what is -8438 - 2221?
-11660
In base 16, what is -245f6 + -1eb?
-247e1
In base 16, what is 1c7 - 3904?
-373d
In base 6, what is 223525231 - 5?
223525222
In base 10, what is -6 + -716641?
-716647
In base 15, what is -49 + 29984?
2993a
In base 7, what is -130125 - 1114?
-131242
In base 13, what is 8bc8 - 1b60?
7068
In base 2, what is -101011 + 1010000111011110010?
1010000111011000111
In base 16, what is -57c19 + 16?
-57c03
In base 3, what is -210212211200112212 - 10?
-210212211200112222
In base 3, what is -1121001021122 - 200?
-1121001022022
In base 10, what is 1 - -33164582?
33164583
In base 11, what is -3818a1 - -a4?
-3817a8
In base 11, what is 140573 - 555?
140019
In base 14, what is 84580d - 5?
84